, 61
Suppose -767 - 52 = -13*s. List the prime factors of s.
3, 7
Suppose -2*x + 1 = -3*x. Let m = -16 - -27. List the prime factors of (m - x)*(-3)/(-3).
2, 3
Let y(b) = 2*b - 1. Let j(k) = -k + 1. Let h(l) = 5*j(l) + 2*y(l). List the prime factors of h(-7).
2, 5
Let i(h) = -h**3 + 3*h**2 - h - 1. Let p = -6 + 8. Let r be i(p). Suppose -a + r = -6. List the prime factors of a.
7
Suppose -50 = -2*d - 5*h, -d + 2*h + 78 = d. What are the prime factors of d?
5, 7
Let v = -90 - -131. List the prime factors of v.
41
Suppose -o = -t + 3, 5*t + 2*o - 14 = 15. Suppose -6*b = -2*b - t*d, -3*d = -4*b + 8. List the prime factors of b.
5
Let m(n) = -5*n**3 + n**2 + 2*n + 1. Let b be m(-1). Suppose -k + b = 2. Let j = k + 0. List the prime factors of j.
3
Let o(a) = a + 3. Let c be o(0). Suppose 3*g = -c*r + 15, 2 = -2*r + 3*g + 32. List the prime factors of r.
3
Let x = -2 - -2. Suppose m + x - 4 = 0. Suppose 0 = 3*k - m - 32. What are the prime factors of k?
2, 3
Let d(z) = z + 5. Let w be d(0). Let g(u) = -11*u - 5. Let s be g(w). List the prime factors of s/(-18) - 2/6.
3
Suppose -3*o + 0*o - 111 = -2*c, -4*o = -4*c + 212. What are the prime factors of c?
2, 3
Suppose -32 = -2*n + 2. Let l(v) = 16*v**2 + 0*v - v**3 - n*v**2 + 4 + v. What are the prime factors of l(0)?
2
Let s(q) be the third derivative of q**5/60 - 7*q**4/24 - q**3/2 - q**2. Let j(r) = -r**2 - 9*r - 12. Let b be j(-5). List the prime factors of s(b).
5
What are the prime factors of ((-3)/(-6))/(5/190)?
19
Suppose -3*b - 4*y = 14, 3*y + 2 = 5. Let r(v) = -v**3 - 5*v**2 + 6*v. Let z be r(b). Suppose i - 3 - 4 = z. List the prime factors of i.
7
Let y = -16 + 18. Suppose y*x = -5*z + 148, 4*z - 2*z + x - 59 = 0. List the prime factors of z.
2, 3, 5
Let o(c) = 2*c**2 - 20*c + 6. List the prime factors of o(14).
2, 59
Suppose -3*q + q = -2*g - 132, -306 = -5*q - 3*g. What are the prime factors of q?
3, 7
Let z = 6 - 7. Let d(q) = 5*q**2 - q - 1. What are the prime factors of d(z)?
5
What are the prime factors of 11 + (1/2 - (-2)/4)?
2, 3
What are the prime factors of (-2)/(-5) - 583/(-55)?
11
Let d be 25 - (1 - (-5 - -3)). Suppose v - 2*v + d = 0. List the prime factors of v.
2, 11
Let n(r) = 3*r**3 + 2*r**2 - 12. List the prime factors of n(4).
2, 53
Let s(k) = -k + 22. What are the prime factors of s(12)?
2, 5
Let u(g) = -6*g**3 - 2*g - 2. What are the prime factors of u(-2)?
2, 5
List the prime factors of 576/(-3 - 9/(-2)).
2, 3
Let t(a) = -a**3 - 3*a**2 - a - 3. Let k be t(-3). Suppose -h - 4*j + 14 = 0, k*h + 4*j = h - 38. List the prime factors of h.
2, 13
Suppose -4*t + 12 = -28. What are the prime factors of t/55 - (-31)/11?
3
Let h(b) = -3*b**3 - b**2 - 2*b - 3. Suppose 0 = -3*c - 4*v - 18, 3*v + 17 = -3*c + 2. List the prime factors of h(c).
3, 7
Suppose g = i - 4*g - 116, 4*g = -4*i + 344. What are the prime factors of i?
7, 13
Let s(p) = -p**3 + 7*p**2 - 5*p + 6. Let f(n) = -3*n**3 + 22*n**2 - 16*n + 18. Let g(i) = -2*f(i) + 7*s(i). List the prime factors of g(4).
2, 5
Let k(s) = 5*s - 2. Suppose 0 = -3*w + 12 + 18. What are the prime factors of k(w)?
2, 3
Let v(l) = -l**2 + 4*l - 1. Let f be v(6). Let y = -27 - f. Let h = -4 - y. What are the prime factors of h?
2, 5
Suppose 0 = -6*g + 2*g + 8. Suppose -7*u + 155 = -g*u. What are the prime factors of u?
31
Let t(l) = -7*l - 17. List the prime factors of t(-12).
67
Let l = 157 + -55. List the prime factors of l.
2, 3, 17
Suppose 0 = 2*r - 2*h - h - 8, -2*r - 4*h - 6 = 0. List the prime factors of 4*14/4*r.
2, 7
Suppose -4*g - 2*v = -14, -7*g = -6*g - 3*v - 7. Suppose g*i - 30 = i. List the prime factors of i.
2, 5
Let u = -2 + 7. Suppose -5*l + 5*i = -u, 0*l - 2*l - 7 = -5*i. Suppose l*y + 3*k - 17 = 3, 4*k + 48 = 4*y. What are the prime factors of y?
2
List the prime factors of 89 + -4*3/(-6).
7, 13
Let w = -1 + 68. List the prime factors of w.
67
Let c(m) = m**3 + 7*m**2 + 6*m + 5. Let s be c(-6). Suppose -s*t = 5*b - 5, 3 = b + 7. Suppose 2*g - 9 = t. What are the prime factors of g?
7
Let y = -18 - -33. List the prime factors of 3 - (-1*y - -1).
17
Let c = -8 + 0. Let m = -4 - c. What are the prime factors of m?
2
Let b be 1/((-28)/30 + 1). Suppose y = -2*h - 17, -2*h - 11 = -3. Let m = y + b. List the prime factors of m.
2, 3
Let l be (90/(-12))/((-1)/6). Suppose -3*j = -l - 6. Let i = 31 - j. What are the prime factors of i?
2, 7
Let q(z) = -z**3 - 3*z**2 + z - 1. Let x be q(-3). Let v be (-9)/(2/x + -1). Suppose -v = -3*l + 12. List the prime factors of l.
2, 3
Let o be 39/15 + 6/(-10). Suppose 0 - o = -b. What are the prime factors of b?
2
Let t = -255 + 162. Let c be (-2)/11 - t/(-33). Let k = c - -12. List the prime factors of k.
3
Let m(f) = f**3 + 7*f**2 + 5*f - 3. Let h be m(-6). Let x = 0 + h. List the prime factors of x.
3
Let z be -5 - (3 + -4) - 3. What are the prime factors of (-7)/(z/20) + 2?
2, 11
Let b(h) = h**3 + 9*h**2 - 4. Let w be b(-9). Let p = w - -7. Let j = 5 - p. What are the prime factors of j?
2
Suppose 4*c - 1201 = -5*q, -5*q + 6*q + 1219 = 4*c. List the prime factors of c.
2, 19
Suppose 5*h - h = -16, 4*a - 4*h - 424 = 0. What are the prime factors of a?
2, 3, 17
Let s = -14 - -6. Let t be ((-4)/2)/(s/(-12)). Let p = t + 5. List the prime factors of p.
2
Suppose -12*v = -13*v - 12. Let m = v + 38. What are the prime factors of m?
2, 13
Let m = -28 + 35. List the prime factors of m.
7
Suppose -2*s = -5*s - 99. Let g be -5*(-1 + s/(-15)). What are the prime factors of g*(1 - (-14)/(-6))?
2
Suppose -5*v = -178 - 107. List the prime factors of v.
3, 19
Suppose 152 = 2*m + 20. Let r = m - 38. Suppose b = 5*b - r. List the prime factors of b.
7
Let q = -18 - -9. Let a = -4 - q. Suppose a*f - 40 = -0*f. What are the prime factors of f?
2
Suppose 5*w - 407 = -3*g, -5*w + 88 = 2*g - 320. What are the prime factors of w?
2, 41
Let m(h) = -9 - 11 + 2 - h**2 + 14*h. List the prime factors of m(12).
2, 3
Suppose -2 = 2*v, -5*s + 3*v = -10 - 8. Suppose -4*x = -9*x + 35. Let j = x - s. What are the prime factors of j?
2
Let o(n) = -370*n - 2. Let l be o(1). List the prime factors of (-2)/(-6) + l/(-18).
3, 7
Suppose 2*y + 2*g = 20, -2*y + 2*g = -y - 4. List the prime factors of y.
2
Let f(m) = -2*m - 2*m**3 - 2*m + 3*m**3 + 8*m - 5*m**2 - 7. List the prime factors of f(5).
13
Let p = 3 - -1. Suppose 3*h = 23 + p. List the prime factors of h.
3
Let d = 11 - 6. Let b(f) = 5*f - 1. Let x(p) = 9*p - 2. Let z(l) = -5*b(l) + 3*x(l). What are the prime factors of z(d)?
3
Let o = 9 - 17. Suppose 2*v + 8 = 4*t, 0 = -4*v + 5*t - 3 - 7. Let c = v - o. List the prime factors of c.
2
Let c(u) = -4*u - u - 2 + 3*u + 5. Suppose 4*y = i - 4*i - 31, 3*y + 5*i + 26 = 0. What are the prime factors of c(y)?
17
Let s(i) = -16*i + 63. What are the prime factors of s(-11)?
239
Let h(n) = -n. Let c(u) = 14. Let j(x) = c(x) - h(x). List the prime factors of j(-6).
2
Let o = -4 - -4. Suppose -4*k = -5*k - 2*h - 5, 3*k + h - 5 = o. Suppose k*b = 10 + 20. What are the prime factors of b?
2, 5
Let c(p) = -2*p - 5. Let i be 1/3 + (-259)/21. What are the prime factors of c(i)?
19
Let u(f) = -f + 3. Let v be u(0). Suppose 0*x = -v*x - 3. Let p = x + 21. List the prime factors of p.
2, 5
Let y(z) = z**3 - z**2 - 1. Let p be y(3). Let x = p + -15. List the prime factors of x.
2
Suppose 5*f + 2*n + 40 = -n, 4*n = -4*f - 24. Let i = 10 - f. Suppose -3*t = -4*c - 0*c + 24, 0 = -3*c + 3*t + i. What are the prime factors of c?
3
Let i = 9 - 6. Suppose -47 - i = 5*v. Let d = 1 - v. List the prime factors of d.
11
Let i be (-28)/(-16) + (-1)/(-4). Suppose -q + 7 = -0*q + i*l, -2*q - l + 8 = 0. What are the prime factors of q?
3
Let f = 5 + -2. Suppose f*b - 20 = -b. Suppose -b*i + 5*t - 38 = -108, -5*t = i + 4. What are the prime factors of i?
11
Let o(m) = -m**3 - 3*m**2 + 2. Suppose -21 + 9 = 4*c. Let v(r) = r**3 + 3*r**2 + 2*r + 3. Let q be v(c). What are the prime factors of o(q)?
2
Suppose 2*t = -5*s + t + 383, 4*s = 3*t + 295. What are the prime factors of s?
2, 19
Let k be 98 - (2 + 2)/(-4). What are the prime factors of 4/(-18) - (-4279)/k?
43
Let k(f) = 35*f - 89. List the prime factors of k(11).
2, 37
Let q = -24 + 16. Let f be (-26)/(-10) + 2/5. Let n = f - q. List the prime factors of n.
11
Suppose -12*f + 54 = -10*f. List the prime